{"id":2303,"date":"2025-11-02T18:26:18","date_gmt":"2025-11-02T23:26:18","guid":{"rendered":"https:\/\/www.grpcartier.com\/k\/interior-designer-villeray.html"},"modified":"2026-03-30T14:23:35","modified_gmt":"2026-03-30T18:23:35","slug":"interior-designer-villeray","status":"publish","type":"page","link":"https:\/\/grpcartier.com\/en\/interior-designer-villeray\/","title":{"rendered":"Interior designer Villeray"},"content":{"rendered":"\t\t<div data-elementor-type=\"wp-page\" data-elementor-id=\"2303\" class=\"elementor elementor-2303 elementor-2233\" data-elementor-post-type=\"page\">\n\t\t\t\t<div class=\"elementor-element elementor-element-461cc0b4 e-flex e-con-boxed e-con e-parent\" data-id=\"461cc0b4\" data-element_type=\"container\" data-e-type=\"container\" data-settings=\"{&quot;background_background&quot;:&quot;classic&quot;}\">\n\t\t\t\t\t<div class=\"e-con-inner\">\n\t\t<div class=\"elementor-element elementor-element-3f3a9b06 e-con-full e-flex e-con e-child\" data-id=\"3f3a9b06\" data-element_type=\"container\" data-e-type=\"container\">\n\t\t\t\t<div class=\"elementor-element elementor-element-248bb4d elementor-invisible elementor-widget elementor-widget-heading\" data-id=\"248bb4d\" data-element_type=\"widget\" data-e-type=\"widget\" data-settings=\"{&quot;_animation&quot;:&quot;fadeInLeft&quot;}\" data-widget_type=\"heading.default\">\n\t\t\t\t\t<h1 class=\"elementor-heading-title elementor-size-default\">Interior designer Villeray<\/h1>\t\t\t\t<\/div>\n\t\t\t\t<\/div>\n\t\t<div class=\"elementor-element elementor-element-3556aca5 e-con-full e-flex e-con e-child\" data-id=\"3556aca5\" data-element_type=\"container\" data-e-type=\"container\">\n\t\t\t\t<\/div>\n\t\t\t\t\t<\/div>\n\t\t\t\t<\/div>\n\t\t<div class=\"elementor-element elementor-element-6583ce89 e-flex e-con-boxed e-con e-parent\" data-id=\"6583ce89\" data-element_type=\"container\" data-e-type=\"container\">\n\t\t\t\t\t<div class=\"e-con-inner\">\n\t\t<div class=\"elementor-element elementor-element-7ded16cb e-con-full e-flex e-con e-child\" data-id=\"7ded16cb\" data-element_type=\"container\" data-e-type=\"container\" data-settings=\"{&quot;background_background&quot;:&quot;classic&quot;}\">\n\t\t\t\t<div class=\"elementor-element elementor-element-ad7b3a2 elementor-widget elementor-widget-image\" data-id=\"ad7b3a2\" data-element_type=\"widget\" data-e-type=\"widget\" data-widget_type=\"image.default\">\n\t\t\t\t\t\t\t\t\t\t\t\t\t\t\t<img fetchpriority=\"high\" decoding=\"async\" width=\"683\" height=\"1024\" src=\"https:\/\/grpcartier.com\/wp-content\/uploads\/2025\/10\/8P3A0040-HDR-683x1024.jpg\" class=\"attachment-large size-large wp-image-3074\" alt=\"\" srcset=\"https:\/\/grpcartier.com\/wp-content\/uploads\/2025\/10\/8P3A0040-HDR-683x1024.jpg 683w, https:\/\/grpcartier.com\/wp-content\/uploads\/2025\/10\/8P3A0040-HDR-200x300.jpg 200w, https:\/\/grpcartier.com\/wp-content\/uploads\/2025\/10\/8P3A0040-HDR-768x1151.jpg 768w, https:\/\/grpcartier.com\/wp-content\/uploads\/2025\/10\/8P3A0040-HDR.jpg 1024w\" sizes=\"(max-width: 683px) 100vw, 683px\" \/>\t\t\t\t\t\t\t\t\t\t\t\t\t\t\t<\/div>\n\t\t\t\t<\/div>\n\t\t<div class=\"elementor-element elementor-element-1d101862 e-con-full e-flex e-con e-child\" data-id=\"1d101862\" data-element_type=\"container\" data-e-type=\"container\">\n\t\t\t\t<div class=\"elementor-element elementor-element-4c3939c1 elementor-widget elementor-widget-text-editor\" data-id=\"4c3939c1\" data-element_type=\"widget\" data-e-type=\"widget\" data-widget_type=\"text-editor.default\">\n\t\t\t\t\t\t\t\t\t<p>When the Cartier Group takes on your interior design project in Montreal&#8217;s Villeray neighbourhood and surrounding areas, your expectations, habits, and philosophy of life will be at the heart of everything we do.<\/p><p>We will pay close attention to the details of your daily life and tailor your project accordingly. Whether you prefer a classic or contemporary style, our team of interior designers at Villeray will design your new living space according to your wishes and create an ergonomic environment. We will draw on our expertise in aesthetics and functionality to offer you a coherent and inspiring project.<\/p><p>Contact a member of our team of interior designers based in Villeray, Montreal, today. We would be happy to arrange an initial meeting to establish a complete set of specifications and take measurements of your space to be renovated.<\/p><p>Groupe Cartier will take charge of your project from the design phase through to completion and will support you throughout the process. We will closely monitor quality and adherence to the schedule with the various parties involved.<\/p><p>Choose Groupe Cartier and its team of interior designers in Villeray for your renovation project, and you can embark on the project of your dreams with complete peace of mind and security!<\/p>\t\t\t\t\t\t\t\t<\/div>\n\t\t<div class=\"elementor-element elementor-element-5dd4fc08 e-con-full e-flex e-con e-child\" data-id=\"5dd4fc08\" data-element_type=\"container\" data-e-type=\"container\">\n\t\t\t\t<div class=\"elementor-element elementor-element-14756709 elementor-widget elementor-widget-button\" data-id=\"14756709\" data-element_type=\"widget\" data-e-type=\"widget\" data-widget_type=\"button.default\">\n\t\t\t\t\t\t\t\t\t\t<a class=\"elementor-button elementor-button-link elementor-size-sm\" href=\"https:\/\/grpcartier.com\/en\/about-us\/\">\n\t\t\t\t\t\t<span class=\"elementor-button-content-wrapper\">\n\t\t\t\t\t\t\t\t\t<span class=\"elementor-button-text\">Discover Groupe Cartier<\/span>\n\t\t\t\t\t<\/span>\n\t\t\t\t\t<\/a>\n\t\t\t\t\t\t\t\t<\/div>\n\t\t\t\t<div class=\"elementor-element elementor-element-1263de87 elementor-widget elementor-widget-button\" data-id=\"1263de87\" data-element_type=\"widget\" data-e-type=\"widget\" data-widget_type=\"button.default\">\n\t\t\t\t\t\t\t\t\t\t<a class=\"elementor-button elementor-button-link elementor-size-sm\" href=\"https:\/\/grpcartier.com\/en\/contact-us\/\">\n\t\t\t\t\t\t<span class=\"elementor-button-content-wrapper\">\n\t\t\t\t\t\t\t\t\t<span class=\"elementor-button-text\">Contact us<\/span>\n\t\t\t\t\t<\/span>\n\t\t\t\t\t<\/a>\n\t\t\t\t\t\t\t\t<\/div>\n\t\t\t\t<\/div>\n\t\t\t\t<\/div>\n\t\t\t\t\t<\/div>\n\t\t\t\t<\/div>\n\t\t<div class=\"elementor-element elementor-element-34c87b26 e-flex e-con-boxed e-con e-parent\" data-id=\"34c87b26\" data-element_type=\"container\" data-e-type=\"container\">\n\t\t\t\t\t<div class=\"e-con-inner\">\n\t\t<div class=\"elementor-element elementor-element-48efdd4b e-con-full e-flex e-con e-child\" data-id=\"48efdd4b\" data-element_type=\"container\" data-e-type=\"container\">\n\t\t\t\t<div class=\"elementor-element elementor-element-3b184745 elementor-widget elementor-widget-text-editor\" data-id=\"3b184745\" data-element_type=\"widget\" data-e-type=\"widget\" data-widget_type=\"text-editor.default\">\n\t\t\t\t\t\t\t\t\t<p>See also:<br><a href=\"https:\/\/grpcartier.com\/ajout-etage-duplex-montreal\/\">Adding a floor<\/a>, <a href=\"https:\/\/grpcartier.com\/en\/interior-design\/\">Interior designer<\/a>, <a href=\"https:\/\/grpcartier.com\/en\/interior-design-montreal\/\">Interior design in Montreal<\/a>, <a href=\"https:\/\/grpcartier.com\/armoires-de-cuisine-montreal\/\">Kitchen cabinets in Montreal: creation or renovation by Groupe Cartier<\/a>, <a class=\"row-title\" href=\"https:\/\/grpcartier.com\/wp-admin\/post.php?post=2188&amp;action=edit&amp;lang=fr\" aria-label=\"\u00ab La r\u00e9novation d\u2019armoires de cuisine \u00e0 Montr\u00e9al: les questions \u00e0 vous poser. \u00bb (Modifier)\">Kitchen cabinet renovation in Montreal: questions to ask yourself<\/a>, <a href=\"https:\/\/grpcartier.com\/cout-renovation-duplex\/\">Cost of renovating a duplex<\/a>, <a href=\"https:\/\/grpcartier.com\/en\/custom-made-kitchen-montreal\/\">Custom kitchen in Montreal<\/a>, <a href=\"https:\/\/grpcartier.com\/cuisiniste-montreal\/\">Montreal kitchen designer<\/a>, <a href=\"https:\/\/grpcartier.com\/renovation-commerciale\/\">Commercial renovation<\/a>, <a href=\"https:\/\/grpcartier.com\/en\/kitchen-renovation-montreal\/\">Kitchen renovation in Montreal,<\/a> <a href=\"https:\/\/grpcartier.com\/renovation-duplex-et-triplex-montreal\/\">Duplex and triplex renovation in Montreal<\/a> <\/p>\t\t\t\t\t\t\t\t<\/div>\n\t\t\t\t<\/div>\n\t\t<div class=\"elementor-element elementor-element-948ceb9 e-con-full e-flex e-con e-child\" data-id=\"948ceb9\" data-element_type=\"container\" data-e-type=\"container\">\n\t\t\t\t<div class=\"elementor-element elementor-element-71610756 elementor-widget elementor-widget-image\" data-id=\"71610756\" data-element_type=\"widget\" data-e-type=\"widget\" data-widget_type=\"image.default\">\n\t\t\t\t\t\t\t\t\t\t\t\t\t\t\t<img decoding=\"async\" width=\"800\" height=\"534\" src=\"https:\/\/grpcartier.com\/wp-content\/uploads\/2025\/10\/8P3A0034-HDR.jpg\" class=\"attachment-large size-large wp-image-3073\" alt=\"\" srcset=\"https:\/\/grpcartier.com\/wp-content\/uploads\/2025\/10\/8P3A0034-HDR.jpg 1024w, https:\/\/grpcartier.com\/wp-content\/uploads\/2025\/10\/8P3A0034-HDR-300x200.jpg 300w, https:\/\/grpcartier.com\/wp-content\/uploads\/2025\/10\/8P3A0034-HDR-768x512.jpg 768w\" sizes=\"(max-width: 800px) 100vw, 800px\" \/>\t\t\t\t\t\t\t\t\t\t\t\t\t\t\t<\/div>\n\t\t\t\t<\/div>\n\t\t\t\t\t<\/div>\n\t\t\t\t<\/div>\n\t\t<div class=\"elementor-element elementor-element-9c06f09 e-flex e-con-boxed e-con e-parent\" data-id=\"9c06f09\" data-element_type=\"container\" data-e-type=\"container\">\n\t\t\t\t\t<div class=\"e-con-inner\">\n\t\t\t\t<div class=\"elementor-element elementor-element-022a237 elementor-widget elementor-widget-html\" data-id=\"022a237\" data-element_type=\"widget\" data-e-type=\"widget\" data-widget_type=\"html.default\">\n\t\t\t\t\t<script type=\"application\/ld+json\">\n{\n  \"@context\": \"https:\/\/schema.org\",\n  \"@type\": \"Service\",\n  \"name\": \"Interior Designer in Villeray\",\n  \"serviceType\": \"Residential and commercial interior design\",\n  \"url\": \"https:\/\/grpcartier.com\/en\/interior-designer-villeray\/\",\n  \"provider\": {\n    \"@type\": \"LocalBusiness\",\n    \"name\": \"Groupe Cartier\",\n    \"url\": \"https:\/\/grpcartier.com\",\n    \"telephone\": \"+15146296029\"\n  },\n  \"areaServed\": { \"@type\": \"City\", \"name\": \"Villeray\" },\n  \"inLanguage\": \"en-CA\"\n}\n<\/script>\t\t\t\t<\/div>\n\t\t\t\t<div class=\"elementor-element elementor-element-f22134b elementor-widget elementor-widget-html\" data-id=\"f22134b\" data-element_type=\"widget\" data-e-type=\"widget\" data-widget_type=\"html.default\">\n\t\t\t\t\t<script type=\"application\/ld+json\">\n{\n  \"@context\": \"https:\/\/schema.org\",\n  \"@type\": \"BreadcrumbList\",\n  \"itemListElement\": [\n    { \"@type\": \"ListItem\", \"position\": 1, \"name\": \"Home\", \"item\": \"https:\/\/grpcartier.com\/en\/\" },\n    { \"@type\": \"ListItem\", \"position\": 2, \"name\": \"Interior Design\", \"item\": \"https:\/\/grpcartier.com\/en\/interior-design\/\" },\n    { \"@type\": \"ListItem\", \"position\": 3, \"name\": \"Interior Designer in Villeray\", \"item\": \"https:\/\/grpcartier.com\/en\/interior-designer-villeray\/\" }\n  ]\n}\n<\/script>\t\t\t\t<\/div>\n\t\t\t\t\t<\/div>\n\t\t\t\t<\/div>\n\t\t\t\t<\/div>\n\t\t","protected":false},"excerpt":{"rendered":"<p>Interior designer Villeray When the Cartier Group takes on your interior design project in Montreal&#8217;s Villeray neighbourhood and surrounding areas, your expectations, habits, and philosophy of life will be at the heart of everything we do. We will pay close attention to the details of your daily life and tailor your project accordingly. Whether you [&hellip;]<\/p>\n","protected":false},"author":2,"featured_media":0,"parent":0,"menu_order":0,"comment_status":"open","ping_status":"open","template":"elementor_header_footer","meta":{"_acf_changed":false,"footnotes":""},"class_list":["post-2303","page","type-page","status-publish","hentry"],"acf":[],"_links":{"self":[{"href":"https:\/\/grpcartier.com\/en\/wp-json\/wp\/v2\/pages\/2303","targetHints":{"allow":["GET"]}}],"collection":[{"href":"https:\/\/grpcartier.com\/en\/wp-json\/wp\/v2\/pages"}],"about":[{"href":"https:\/\/grpcartier.com\/en\/wp-json\/wp\/v2\/types\/page"}],"author":[{"embeddable":true,"href":"https:\/\/grpcartier.com\/en\/wp-json\/wp\/v2\/users\/2"}],"replies":[{"embeddable":true,"href":"https:\/\/grpcartier.com\/en\/wp-json\/wp\/v2\/comments?post=2303"}],"version-history":[{"count":8,"href":"https:\/\/grpcartier.com\/en\/wp-json\/wp\/v2\/pages\/2303\/revisions"}],"predecessor-version":[{"id":5897,"href":"https:\/\/grpcartier.com\/en\/wp-json\/wp\/v2\/pages\/2303\/revisions\/5897"}],"wp:attachment":[{"href":"https:\/\/grpcartier.com\/en\/wp-json\/wp\/v2\/media?parent=2303"}],"curies":[{"name":"wp","href":"https:\/\/api.w.org\/{rel}","templated":true}]}}

<div data-elementor-type="wp-page" data-elementor-id="2303" class="elementor elementor-2303 elementor-2233" data-elementor-post-type="page">
				<div class="elementor-element elementor-element-461cc0b4 e-flex e-con-boxed e-con e-parent" data-id="461cc0b4" data-element_type="container" data-e-type="container" data-settings="{&quot;background_background&quot;:&quot;classic&quot;}">
					<div class="e-con-inner">
		<div class="elementor-element elementor-element-3f3a9b06 e-con-full e-flex e-con e-child" data-id="3f3a9b06" data-element_type="container" data-e-type="container">
				<div class="elementor-element elementor-element-248bb4d elementor-invisible elementor-widget elementor-widget-heading" data-id="248bb4d" data-element_type="widget" data-e-type="widget" data-settings="{&quot;_animation&quot;:&quot;fadeInLeft&quot;}" data-widget_type="heading.default">
					<h1 class="elementor-heading-title elementor-size-default">Interior designer Villeray</h1>				</div>
				</div>
		<div class="elementor-element elementor-element-3556aca5 e-con-full e-flex e-con e-child" data-id="3556aca5" data-element_type="container" data-e-type="container">
				</div>
					</div>
				</div>
		<div class="elementor-element elementor-element-6583ce89 e-flex e-con-boxed e-con e-parent" data-id="6583ce89" data-element_type="container" data-e-type="container">
					<div class="e-con-inner">
		<div class="elementor-element elementor-element-7ded16cb e-con-full e-flex e-con e-child" data-id="7ded16cb" data-element_type="container" data-e-type="container" data-settings="{&quot;background_background&quot;:&quot;classic&quot;}">
				<div class="elementor-element elementor-element-ad7b3a2 elementor-widget elementor-widget-image" data-id="ad7b3a2" data-element_type="widget" data-e-type="widget" data-widget_type="image.default">
															<img fetchpriority="high" decoding="async" width="683" height="1024" src="https://grpcartier.com/wp-content/uploads/2025/10/8P3A0040-HDR-683x1024.jpg" class="attachment-large size-large wp-image-3074" alt="" srcset="https://grpcartier.com/wp-content/uploads/2025/10/8P3A0040-HDR-683x1024.jpg 683w, https://grpcartier.com/wp-content/uploads/2025/10/8P3A0040-HDR-200x300.jpg 200w, https://grpcartier.com/wp-content/uploads/2025/10/8P3A0040-HDR-768x1151.jpg 768w, https://grpcartier.com/wp-content/uploads/2025/10/8P3A0040-HDR.jpg 1024w" sizes="(max-width: 683px) 100vw, 683px" />															</div>
				</div>
		<div class="elementor-element elementor-element-1d101862 e-con-full e-flex e-con e-child" data-id="1d101862" data-element_type="container" data-e-type="container">
				<div class="elementor-element elementor-element-4c3939c1 elementor-widget elementor-widget-text-editor" data-id="4c3939c1" data-element_type="widget" data-e-type="widget" data-widget_type="text-editor.default">
									<p>When the Cartier Group takes on your interior design project in Montreal&#8217;s Villeray neighbourhood and surrounding areas, your expectations, habits, and philosophy of life will be at the heart of everything we do.</p><p>We will pay close attention to the details of your daily life and tailor your project accordingly. Whether you prefer a classic or contemporary style, our team of interior designers at Villeray will design your new living space according to your wishes and create an ergonomic environment. We will draw on our expertise in aesthetics and functionality to offer you a coherent and inspiring project.</p><p>Contact a member of our team of interior designers based in Villeray, Montreal, today. We would be happy to arrange an initial meeting to establish a complete set of specifications and take measurements of your space to be renovated.</p><p>Groupe Cartier will take charge of your project from the design phase through to completion and will support you throughout the process. We will closely monitor quality and adherence to the schedule with the various parties involved.</p><p>Choose Groupe Cartier and its team of interior designers in Villeray for your renovation project, and you can embark on the project of your dreams with complete peace of mind and security!</p>								</div>
		<div class="elementor-element elementor-element-5dd4fc08 e-con-full e-flex e-con e-child" data-id="5dd4fc08" data-element_type="container" data-e-type="container">
				<div class="elementor-element elementor-element-14756709 elementor-widget elementor-widget-button" data-id="14756709" data-element_type="widget" data-e-type="widget" data-widget_type="button.default">
										<a class="elementor-button elementor-button-link elementor-size-sm" href="https://grpcartier.com/en/about-us/">
						<span class="elementor-button-content-wrapper">
									<span class="elementor-button-text">Discover Groupe Cartier</span>
					</span>
					</a>
								</div>
				<div class="elementor-element elementor-element-1263de87 elementor-widget elementor-widget-button" data-id="1263de87" data-element_type="widget" data-e-type="widget" data-widget_type="button.default">
										<a class="elementor-button elementor-button-link elementor-size-sm" href="https://grpcartier.com/en/contact-us/">
						<span class="elementor-button-content-wrapper">
									<span class="elementor-button-text">Contact us</span>
					</span>
					</a>
								</div>
				</div>
				</div>
					</div>
				</div>
		<div class="elementor-element elementor-element-34c87b26 e-flex e-con-boxed e-con e-parent" data-id="34c87b26" data-element_type="container" data-e-type="container">
					<div class="e-con-inner">
		<div class="elementor-element elementor-element-48efdd4b e-con-full e-flex e-con e-child" data-id="48efdd4b" data-element_type="container" data-e-type="container">
				<div class="elementor-element elementor-element-3b184745 elementor-widget elementor-widget-text-editor" data-id="3b184745" data-element_type="widget" data-e-type="widget" data-widget_type="text-editor.default">
									<p>See also:<br><a href="https://grpcartier.com/ajout-etage-duplex-montreal/">Adding a floor</a>, <a href="https://grpcartier.com/en/interior-design/">Interior designer</a>, <a href="https://grpcartier.com/en/interior-design-montreal/">Interior design in Montreal</a>, <a href="https://grpcartier.com/armoires-de-cuisine-montreal/">Kitchen cabinets in Montreal: creation or renovation by Groupe Cartier</a>, <a class="row-title" href="https://grpcartier.com/wp-admin/post.php?post=2188&amp;action=edit&amp;lang=fr" aria-label="« La rénovation d’armoires de cuisine à Montréal: les questions à vous poser. » (Modifier)">Kitchen cabinet renovation in Montreal: questions to ask yourself</a>, <a href="https://grpcartier.com/cout-renovation-duplex/">Cost of renovating a duplex</a>, <a href="https://grpcartier.com/en/custom-made-kitchen-montreal/">Custom kitchen in Montreal</a>, <a href="https://grpcartier.com/cuisiniste-montreal/">Montreal kitchen designer</a>, <a href="https://grpcartier.com/renovation-commerciale/">Commercial renovation</a>, <a href="https://grpcartier.com/en/kitchen-renovation-montreal/">Kitchen renovation in Montreal,</a> <a href="https://grpcartier.com/renovation-duplex-et-triplex-montreal/">Duplex and triplex renovation in Montreal</a> </p>								</div>
				</div>
		<div class="elementor-element elementor-element-948ceb9 e-con-full e-flex e-con e-child" data-id="948ceb9" data-element_type="container" data-e-type="container">
				<div class="elementor-element elementor-element-71610756 elementor-widget elementor-widget-image" data-id="71610756" data-element_type="widget" data-e-type="widget" data-widget_type="image.default">
															<img decoding="async" width="800" height="534" src="https://grpcartier.com/wp-content/uploads/2025/10/8P3A0034-HDR.jpg" class="attachment-large size-large wp-image-3073" alt="" srcset="https://grpcartier.com/wp-content/uploads/2025/10/8P3A0034-HDR.jpg 1024w, https://grpcartier.com/wp-content/uploads/2025/10/8P3A0034-HDR-300x200.jpg 300w, https://grpcartier.com/wp-content/uploads/2025/10/8P3A0034-HDR-768x512.jpg 768w" sizes="(max-width: 800px) 100vw, 800px" />															</div>
				</div>
					</div>
				</div>
		<div class="elementor-element elementor-element-9c06f09 e-flex e-con-boxed e-con e-parent" data-id="9c06f09" data-element_type="container" data-e-type="container">
					<div class="e-con-inner">
				<div class="elementor-element elementor-element-022a237 elementor-widget elementor-widget-html" data-id="022a237" data-element_type="widget" data-e-type="widget" data-widget_type="html.default">
					<script type="application/ld+json">
{
  "@context": "https://schema.org",
  "@type": "Service",
  "name": "Interior Designer in Villeray",
  "serviceType": "Residential and commercial interior design",
  "url": "https://grpcartier.com/en/interior-designer-villeray/",
  "provider": {
    "@type": "LocalBusiness",
    "name": "Groupe Cartier",
    "url": "https://grpcartier.com",
    "telephone": "+15146296029"
  },
  "areaServed": { "@type": "City", "name": "Villeray" },
  "inLanguage": "en-CA"
}
</script>				</div>
				<div class="elementor-element elementor-element-f22134b elementor-widget elementor-widget-html" data-id="f22134b" data-element_type="widget" data-e-type="widget" data-widget_type="html.default">
					<script type="application/ld+json">
{
  "@context": "https://schema.org",
  "@type": "BreadcrumbList",
  "itemListElement": [
    { "@type": "ListItem", "position": 1, "name": "Home", "item": "https://grpcartier.com/en/" },
    { "@type": "ListItem", "position": 2, "name": "Interior Design", "item": "https://grpcartier.com/en/interior-design/" },
    { "@type": "ListItem", "position": 3, "name": "Interior Designer in Villeray", "item": "https://grpcartier.com/en/interior-designer-villeray/" }
  ]
}
</script>				</div>
					</div>
				</div>
				</div>
